) = -w**3 - 10*w**2 - w + 5. Let a be g(-10). Suppose a*r - 254 = 13*r. What is the hundreds digit of r?
1
Let d(w) = w**2 - 6*w + 1. Let y be d(4). What is the tens digit of (y/(-21))/(1/51)?
1
Let l(s) = 9*s**2 + 25*s - 8. Let q be l(-8). Suppose -3*o + q = 2*t + o, 5*t + 2*o = 912. What is the tens digit of t?
8
Let a be (-39)/26*2/3. What is the units digit of -2*(-28 + -8) + a + 3?
4
Let l(v) = -2*v - 9. Let q be l(-7). Let h(n) = n**3 - 5*n**2 + 2*n. What is the tens digit of h(q)?
1
Let b = 21 - 26. Let h be (-2)/4 - b/10. Suppose 2*m + m - 114 = h. What is the units digit of m?
8
Let n(z) = -z**2 - 21*z - 16. What is the units digit of n(-19)?
2
Let l be -4 + 1 + 1 - -2. Suppose l = 5*p + 4*n + 83 - 280, 0 = -2*p - 4*n + 74. What is the units digit of p?
1
Let m(h) = -5*h**3 - 18*h**2 - 135*h - 15. What is the tens digit of m(-11)?
4
Let z(a) = -a**3 - 7*a**2 + 7*a + 9. Let o(g) = 6*g. Let l be o(1). Let p(i) = i**2 - 8*i + 4. Let f be p(l). What is the units digit of z(f)?
7
Suppose -5*n - 8 + 28 = 0. Let q be n + -5 - (-3 + 0). Suppose -2*t - 155 = -3*v, -2*v - q*t = -89 - 11. What is the units digit of v?
1
Let n(g) = 61*g**3 + 2*g**2 - g - 3. What is the tens digit of n(2)?
9
Let s(q) be the third derivative of q**5/60 + 7*q**4/24 - 41*q**3/6 - 29*q**2. What is the units digit of s(-13)?
7
Suppose 0 = -5*t - 11*t + 80. Suppose y = 4 + 1. Suppose -2*f + 2 + 1 = t*h, -4*f + y*h = -21. What is the units digit of f?
4
Let v(q) = q**2 + 9*q + 1. Suppose 3*y + 2*k - 17 = -0*k, -2*y + 4 = 5*k. What is the tens digit of v(y)?
1
Suppose -4 = -0*i + 4*i, 3*y + 2*i - 10 = 0. Suppose -3*x + 6 = -3*n - 0*x, -y = 2*n - x. Let r = n + 11. What is the units digit of r?
9
Suppose 8*y + 976 - 1056 = 0. Let n(f) be the third derivative of f**4/8 - 25*f**3/6 - f**2. What is the units digit of n(y)?
5
Let d be 114/2 + (-3 - -3). Suppose 9 + d = 6*a. What is the units digit of a?
1
Let m(r) = r**2 + 18*r + 5. Let a be m(-18). Suppose -4*n = -4*f - 728, 6*n - a*f - 726 = 2*n. What is the hundreds digit of n?
1
Let y = -5 + 7. Suppose 222 = 9*a - 102. Suppose b = -y*b + a. What is the units digit of b?
2
Suppose -c = c - 12. Suppose 0 = 2*l + f + 20, 3*l = 5*l + 4*f + 20. Let g = c - l. What is the tens digit of g?
1
Suppose -21 = 3*h - 12. Let a = 16 - h. What is the units digit of a?
9
Suppose -5*d = f - 95, 4*d - 2*d - 80 = -f. What is the units digit of f?
0
Suppose 4*r = -2*h + 18, -3*h + 11 = -5*r + 3*r. Suppose -12 = -2*t - r*t. Suppose -1 + 25 = 3*u - t*g, 3*g = -15. What is the units digit of u?
3
Let q(p) be the second derivative of -p**4/24 + 4*p**3/3 - p**2 - 6*p. Let i(f) be the first derivative of q(f). What is the units digit of i(0)?
8
Let z be 8/(-2) - (-45 + 2). Let o = z + -35. What is the units digit of o?
4
Let a = -79 + 57. Let o = a + 34. What is the units digit of o?
2
Let p(t) = t**2 + 6*t + 1. Suppose 3*r + i = -0*r + 8, -r + 3*i = 4. Suppose 0*j + b = -4*j - 33, -5*b = r*j + 39. What is the units digit of p(j)?
8
Suppose p = 4*j + 26, 4*p - 3*j = j + 44. Suppose 376 = 4*c + 4*n, n + 381 = 4*c + p*n. Let d = c + -34. What is the units digit of d?
5
Let h = -440 + 646. What is the hundreds digit of h?
2
Let c be (-8 + 18)*(0 + 1/2). Let p(w) = 3*w**2 + 4*w - 7. What is the tens digit of p(c)?
8
Suppose -3*q - 2972 = -v, 23*v - 21*v - 5958 = -q. What is the units digit of v?
8
Let j = -436 + 487. What is the tens digit of j?
5
Suppose 1242 - 262 = 10*p. What is the tens digit of p?
9
Let d = 27 + -25. What is the units digit of (13/d)/((-57)/(-18) + -3)?
9
Let k = 759 + -309. What is the hundreds digit of k?
4
Let k(i) = i**2 - 10*i + 16. Let n be k(8). Suppose 2*p + n*p - 4 = 0, -5*j + p = -798. What is the hundreds digit of j?
1
Let m(i) = 7*i + 1. Let d be m(6). Let x = -26 + d. What is the tens digit of x?
1
Suppose 43*h = 9*h + 169286. What is the hundreds digit of h?
9
Let g = -1836 + 2756. What is the tens digit of g?
2
Let s = -130 - -109. What is the units digit of 6/s - (-450)/7?
4
Let n(c) = 215*c**2 + 59*c + 10. What is the thousands digit of n(-4)?
3
Suppose h - 32 = -5*m, -5*h - 6*m = -11*m - 10. Suppose h*n = -354 + 2370. What is the units digit of n?
8
Suppose 0 = 5*r + 6 - 46. What is the tens digit of 2/(-8) - (-410)/r?
5
Let x = -11134 + 15808. What is the units digit of x?
4
Suppose 2*q - 3256 = 13*q. Let a = -177 - q. What is the tens digit of a?
1
Let p(x) = 7 - 11*x + 76*x**3 + 15*x**2 + x**2 - 75*x**3. What is the hundreds digit of p(-16)?
1
Suppose 4*l - 1192 = 22*o - 18*o, -4*o = -l + 301. What is the hundreds digit of l?
2
Let w = 1715 + -1146. What is the units digit of w?
9
Let b = -5 + 24. Let f = -4 + b. What is the tens digit of f?
1
Let h(g) = 40*g + 9. Let a be h(5). Suppose -c = z - a, -659 = 2*c - 5*c + 5*z. What is the tens digit of c?
1
Suppose 2*k - 5*m = -2 + 17, 0 = -k + 2*m + 10. Suppose -5*n - k = 2*i, 4*n = -4*i - 2 - 2. What is the units digit of 3/((-9)/n)*6?
2
Let p = 14 - 21. Let m be (-894)/p + (-4)/(-14). Suppose 3*u - 102 = 4*q, -5*u + 3*q = -31 - m. What is the tens digit of u?
3
Suppose 3*g - 26 = -5*f, 0 = 2*f - 3*g - 2. Let n = f - -115. What is the hundreds digit of n?
1
Let f = 12 + -40. What is the hundreds digit of 9/(-7) + (-8)/f - -132?
1
Suppose -412 = -11*f + 7*f - 2*n, -513 = -5*f - 3*n. What is the tens digit of f?
0
What is the units digit of 4588/10 + 5/150*6?
9
Suppose 25 = 5*k, 5*c + 5*k = 2*k + 40. Suppose 39 = c*y - 1. What is the units digit of y?
8
Let i be ((-14)/(-4))/((-2)/(-4)). Suppose -2*s + 8 = 0, -s = -5*z + s + i. Suppose 0 = -z*j + 23 + 19. What is the tens digit of j?
1
Let b(p) = -296*p + 35. What is the tens digit of b(-4)?
1
Let i(s) = -11*s + 1. Let f be i(1). Let r(j) = 2*j - 9. Let o be r(f). What is the units digit of o/(4/(-4)) + 1?
0
Suppose 3*a = 4*p - 2017, -11*a + 7*a + 2052 = 4*p. What is the units digit of p?
8
Let s = 21 + -41. Let m = -20 - s. Suppose j + 16 - 22 = m. What is the units digit of j?
6
Let b = 149 + -145. Suppose -2*i + 7*i - b*c - 1446 = 0, -c - 576 = -2*i. What is the units digit of i?
6
Suppose 0 = -5*r + 5*m + 65, r = 2*m + 3*m + 25. Let x be 45/r*8/2. Suppose -t = 2*t - x. What is the units digit of t?
6
Let x(o) = -o**3 + 6*o**2 + 2*o - 18. Let d be x(6). Let b(h) = h**3 + 12*h**2 + 9. What is the tens digit of b(d)?
2
Let j = -16 + 106. Suppose -3*h + j = -9. What is the units digit of h?
3
Suppose -13 - 11 = -12*z. Suppose -3*c + z*a = -956, -3*c - 2*a + 961 = -3*a. What is the tens digit of c?
2
Suppose 26 = 3*s - 8*g + 7*g, -5*s = -2*g - 43. Let q(h) = -12*h + 23. Let u(r) = r - 1. Let v(p) = -q(p) - 6*u(p). What is the tens digit of v(s)?
3
Let z(c) = c**3 + 3*c**2 + c - 4. Let x be z(2). Let s be (4/(-5))/(x/(-45)). Let t = s + 32. What is the tens digit of t?
3
Let l(j) = -j**2 + 9*j - 11. Let w be l(8). Let a be w*3/(-9)*5. Suppose -a*g + 58 + 57 = 0. What is the units digit of g?
3
Let p be (2 - -4)/3 + 16. Let q(c) = c**2 - 16*c - 9. What is the units digit of q(p)?
7
Let r = -6117 - -8922. What is the units digit of r?
5
Let f be 3 + -15 + (0 - 2). Let j = f + 17. Suppose 0 = j*m + 2*y - 50 - 29, -20 = -4*y. What is the tens digit of m?
2
Let t = 22 - 17. Let f = t + -1. Suppose -3*v + 68 = 4*l - 41, -f*v + 192 = -4*l. What is the units digit of v?
3
Let x(t) = -69*t + 83. What is the tens digit of x(-5)?
2
Suppose t - 13 - 174 = v, -2*v = -t + 192. What is the tens digit of t?
8
Suppose 0 = -3*b - 3*j + 72, 69 = 4*b - 5*j - 0*j. Let x = b + -17. Suppose 2*a - 46 = x*g, 2*a = -2*g + 4*g + 52. What is the tens digit of a?
2
Let o(v) = -3*v**3 + 6*v**2 - 6*v - 14. What is the hundreds digit of o(-3)?
1
Let k = -347 - -539. What is the units digit of k?
2
Suppose 3*o + 9 = 0, -5*o + 12059 = 4*n - 6*o. What is the tens digit of n?
1
Suppose 0*t = -3*t + 3. Suppose t = -5*m + 6. Let i = m - -26. What is the units digit of i?
7
Let w be (5/(-3))/((-1)/3). Let g = w + 31. What is the units digit of g?
6
Let t(n) = -64*n**3 + 3*n**2 - 8. What is the units digit of t(-2)?
6
Let n = 66 - -102. What is the units digit of (6/(-9)*-1)/(14/n)?
8
Suppose -29*j + 37*j - 2944 = 0. What is the tens digit of j?
6
Let p(b) = -b**3 - 5*b**2 + 7*b + 9. Let t be p(-6). Let l = 3 - t. Let s = l + 8. What is the units digi